s divided by 24.
21
Suppose 0 = -2*c - i + 14, 0 = -3*c + 2*i - 3*i + 22. Let s = c + -6. Let t = s - -27. Calculate the remainder when t is divided by 16.
13
Suppose -3*z - 44 = -6*z + 5*f, -33 = -z - 2*f. What is the remainder when z is divided by (7 + 3)/(65/78)?
11
Let m(q) = -q**2 + 10*q + 8. Let a = -5 + 8. Calculate the remainder when m(10) is divided by a.
2
Let w = 63 + -42. What is the remainder when 62 is divided by w?
20
Let k = 13 + 4. Calculate the remainder when 65 is divided by k.
14
Suppose -22 = -0*j - 2*j. Let g(l) be the second derivative of l**3 + l**2 - l. Calculate the remainder when g(3) is divided by j.
9
Calculate the remainder when (-60)/75 - 339/(-5) is divided by 23.
21
Suppose -2*x + 12 - 4 = 0. Calculate the remainder when 5 is divided by x.
1
Suppose 2*s - 7*s + 3 = 3*k, 0 = -5*k - 5*s + 5. Let y = k - -1. What is the remainder when y is divided by 2?
0
Suppose 4*z = 2*i - 26, i + 0*z - 5*z = -2. Calculate the remainder when -91*-2*2/4 is divided by i.
22
Suppose 0 = -6*p + p + 5*o + 95, -2*o + 32 = 3*p. Calculate the remainder when 69 is divided by p.
13
Suppose -156 - 10 = -2*v. Calculate the remainder when v is divided by 21.
20
Suppose -d - 2*l = -4, 4*d - l + 5*l - 8 = 0. Calculate the remainder when 3 + d + -1 - -7 is divided by 6.
3
Let y(c) be the first derivative of -7*c + 2 - 3/2*c**2. What is the remainder when y(-6) is divided by 4?
3
Suppose -24*q + 24 = -22*q. Calculate the remainder when 116 is divided by q.
8
What is the remainder when 70/3 + (-19)/57 is divided by 13?
10
Let l = 27 + 0. What is the remainder when l is divided by 10?
7
Let o = 18 + -10. What is the remainder when 14 is divided by o?
6
Suppose -98*c - 15 = -101*c. Let a be (-3)/2*68/(-3). Suppose 5*m = -w + a, 3*m - 54 = -5*w + 2*w. Calculate the remainder when w is divided by c.
4
What is the remainder when 48 is divided by (-2)/(-4)*2*25?
23
Let p(r) = r**2 - 2*r + 4. Suppose d - i - 6 = 0, 3*i - 40 = -5*d - 2. What is the remainder when p(-3) is divided by d?
5
Let f(p) = -2*p + 1. Let w be f(-1). Suppose -r + 100 = w*r. What is the remainder when r is divided by 13?
12
Let j(f) = f**3 + 9*f**2 + 5*f + 7. Let z be j(-6). Let a = -61 + z. What is the remainder when 70 is divided by a?
22
Let n(p) = p**3 + 10*p**2 + 5*p - 13. Let t = -21 - -29. What is the remainder when n(-9) is divided by t?
7
Let g = 80 + -43. Suppose -2*x + 10 = -2. What is the remainder when g is divided by 110/x - (-20)/30?
18
Let p(b) = -b**3 + 3*b**2 - 2. Let y be p(3). Let q = y + 0. Calculate the remainder when 13 is divided by 2 + 8 + -1 + q.
6
Suppose -5 = 4*m - 45. Let z = -27 - -56. Calculate the remainder when z is divided by m.
9
Let w = 24 - -9. Let j be (-4)/(-14) + (-80)/(-14). Suppose 3*n = -2*u + 31, -2*u + w - j = -n. What is the remainder when 26 is divided by u?
12
Let q be (-6)/(-1) + 6/(-3). Suppose -q*c = -8, -2*h - 3*h + 30 = -5*c. What is the remainder when 22 is divided by h?
6
Suppose 11 = -3*n + 4*n. Let l = 12 + -9. Calculate the remainder when n is divided by (-312)/(-56) + l/7.
5
Let h(r) = r**3 - 11*r**2 + 4*r - 10. Calculate the remainder when 67 is divided by h(11).
33
Let y be (-1 - -2)/((-4)/8). Let m = 5 + y. Suppose -3 = m*s - 6*s. Calculate the remainder when 1 is divided by s.
0
Let i be (-362)/(-6) - (-3)/(-9). Suppose 0 = 4*q + 8 - i. What is the remainder when q is divided by 5?
3
Let v = 22 - 16. Suppose -v = -2*w + 6. Calculate the remainder when w is divided by 4.
2
Suppose -5*y + 2*a + 1641 = 0, -5*y - 2*a = -0*y - 1629. Calculate the remainder when y is divided by 22.
19
Let a(y) = -y**3 + 7*y**2 + 3*y - 6. Calculate the remainder when 26 is divided by a(7).
11
Let z(a) = -a**3 + 6*a**2 + 2. What is the remainder when 69 is divided by z(2)?
15
Let q(j) = 39*j**2 + 2*j + 1. Let p be q(-1). Suppose 2*y - x - p = 0, 3*x = -2*y + x + 32. What is the remainder when 34 is divided by y?
16
Let z be (0 + 3)/1 + 6. Let k = z - 2. Calculate the remainder when 25 is divided by k.
4
Let c(z) = -z**3 - z**2 - z + 11. Calculate the remainder when 52 is divided by c(0).
8
Let g(v) = -v**3 + 8*v**2 - 9*v + 15. Suppose 4*a + 12 = k, 5*a + 36 = 3*k + 4*a. Calculate the remainder when g(4) is divided by k.
7
Let m(v) = v**3 + 7*v**2 + v + 2. Let c be m(-7). What is the remainder when 153/4 - c/(-20) is divided by 20?
18
Let h(i) = 41*i**2. Suppose -2 - 1 = 3*f. Calculate the remainder when h(f) is divided by 14.
13
Let f be ((-6)/(-8))/(6/24). Suppose -f*r + 124 = r. Suppose -4*c = -2*q + 3*q - 49, -2*c + 37 = 3*q. What is the remainder when r is divided by c?
9
Suppose 5*m = 25, s - 2*m + 18 = m. Calculate the remainder when ((-86)/(-3))/((-2)/s) is divided by 15.
13
Let q = 16 + -10. Suppose -a + q = -0*a. What is the remainder when 16 is divided by a?
4
Let w(t) = 15*t + 2. Let m be w(-2). Let q = m - -16. What is the remainder when (-8)/q + 91/3 is divided by 16?
15
Let c(t) = 8*t**2 - 2*t + 2. Let b be c(2). Suppose 0 = -h + 4*y, -4*h + 3*h = 2*y - b. Calculate the remainder when 57 is divided by h.
17
Let o(c) = c**3 - 7*c**2 - 6*c + 2. Suppose -2*g + 11 = -5. Let f(p) = 2*p**2 + 6*p - 3. Calculate the remainder when f(4) is divided by o(g).
17
Suppose 5*t - 4 = 6. Suppose -4*w + 26 = 2*u, 2*w + t*u = 3 + 15. Calculate the remainder when 6 is divided by w.
2
Suppose -3*j = -5*z - 89, -2*z + 20 = -7*z. Suppose 2*f - 5*k - 31 = 0, -3*f - 3*k + 44 = -8*k. What is the remainder when j is divided by f?
10
Let z = 14 - 9. Suppose 4*v - 182 = -z*r, v = r - 0*v - 40. What is the remainder when r is divided by 10?
8
Let s = -42 + 63. Let n be 1 - (-1*3 - 0). Suppose -x = n*x - 305. What is the remainder when x is divided by s?
19
Let t(c) = c**2 + 6*c - 11. Calculate the remainder when 31 is divided by t(-9).
15
Suppose 0 = -0*r - r + 2. Let m = r + 1. Suppose m*f + 2 = -i + 12, -5*f + 5 = 0. What is the remainder when 27 is divided by i?
6
Suppose -3*w + 117 + 6 = 0. Let m(f) = -f**3 - f**2 - f + 11. Calculate the remainder when w is divided by m(0).
8
Let i(a) = -a**3 - 6*a**2 - a + 3. Let m = 51 + -26. What is the remainder when m is divided by i(-6)?
7
Let m be -2 + (2 - 2)/(-1). Let w(l) = -l**2 - 3*l + 22. Calculate the remainder when 9 + (m - -1) + 3 is divided by w(-6).
3
Suppose -3*m = 5*x + 24, 2*m + x + 16 + 0 = 0. Let g = -6 - m. What is the remainder when 4 is divided by g?
0
Let u(h) = h**3 - 7*h**2 - 26*h + 18. Let i(p) = -5*p. Calculate the remainder when u(10) is divided by i(-4).
18
Suppose 2*l = -4*c + 10, 3*c - 6 = -3*l + l. Calculate the remainder when 23 is divided by c.
3
Suppose 32 = 5*p - 358. Let a = p + -25. What is the remainder when a is divided by 28?
25
Let w(o) = -o - 1. Let l be w(-3). Suppose 3*x - l*x - 10 = 0. What is the remainder when 19 is divided by x?
9
Suppose 5*b + 53 = 3*l - 0*l, 2*l = -3*b + 67. Calculate the remainder when l is divided by 7.
5
Let s = 10 + -8. What is the remainder when 13 is divided by 1 + 2 + s - -3?
5
Suppose 10*a - 95 - 65 = 0. Calculate the remainder when a is divided by 6.
4
Let g(q) = -3*q**2 - q + q + 5*q**2 + q + 1. Calculate the remainder when 60 is divided by g(-3).
12
Let z(f) = -9*f - 5. Let t(k) = k + 1. Let p be t(-3). Calculate the remainder when z(p) is divided by 7.
6
Suppose 3*w - 9 = -2*d, -3*w - 3 = -d - d. Suppose 48 = -d*t + 153. Calculate the remainder when t is divided by 9.
8
Let h be (-2)/5*(17 + -2). Let l(v) = -7*v - 6. What is the remainder when l(h) is divided by (-1 + (-6)/(-18))/((-2)/57)?
17
Let u(o) = -o**3 + 17*o**2 + 4*o - 43. Let h = 14 - 10. Suppose 0 = 3*v - 2*c - 31, -2*c = v - h*c - 13. What is the remainder when u(17) is divided by v?
7
Suppose -2*m + 5*c = -60, 11*m - 6*m - c - 127 = 0. What is the remainder when 96 is divided by m?
21
Let t = 32 + 13. Suppose 0 = -3*o - 2*o + t. Suppose -4*z + 96 = -8. What is the remainder when z is divided by o?
8
Let q(i) = i + 7. Let v be q(-7). Let w be (1 + -2)*(0 - v). Suppose -5*k = w, -2*k + 45 = 3*a + 3*k. Calculate the remainder when 27 is divided by a.
12
Suppose 2*z + 3*u = 7*z - 103, 0 = -z + 3*u + 23. Suppose 21*t - 16*t = z. Calculate the remainder when 5 is divided by t.
1
Let y = 4 - 6. Let v(s) = 3*s - 5*s + 2*s**2 - 3 + 0*s + 0*s. Calculate the remainder when 16 is divi